- -367. What is the tens digit of (1/2)/(10/p)?
1
Let p(o) = -o**2 - o - 1. Let r be p(-1). Let c be r*(-6 + 9/3). What is the units digit of c + 12/2 + -1?
8
Suppose 0 = -2*m + 1 + 1. What is the units digit of m?
1
Let y(z) = z**2 - 11*z + 9. Let p = -7 - -18. What is the units digit of y(p)?
9
Suppose -26 = -4*f + 6. Suppose 0 + f = b. What is the units digit of b?
8
Suppose 3*q = -v - 1 + 11, 4*v + 3*q = -5. Let c = 9 + v. What is the units digit of c?
4
Let u = 4 - 3. Suppose -31 = -4*b + u. What is the units digit of b?
8
Let d = 70 + -18. What is the tens digit of d?
5
Let h = 20 - 1. What is the tens digit of h?
1
Let g be 0 + 3 + -2 + 1. Suppose -c + 1 = 5*w + 24, g*c - 5*w = -1. Let k = 13 + c. What is the units digit of k?
5
Suppose 2*g = -0*g + 38. What is the tens digit of g?
1
Let w(o) = o**3 - 5*o**2 - 4*o + 5. Let p be w(5). Let t be (6/p)/((-1)/(-5)). Let x = 10 - t. What is the tens digit of x?
1
Suppose -2*t - 8 = 0, 13 = 5*a - 4*t - 8. Suppose 4 + a = -o, -c = 3*o + 13. What is the units digit of c?
2
Suppose 3*n - 1 = 3*m - 4, 5*m = 4*n + 7. What is the units digit of (n/(-3))/((-8)/84)?
7
Suppose -5*v = -2*v. Suppose -5*w = -v*w - 5*p - 95, 0 = -p. What is the tens digit of w?
1
Suppose 3*u + 18 - 6 = 0. Let y = 5 - u. What is the units digit of y?
9
Let r = -32 + 53. Let w = 38 - r. What is the units digit of w?
7
Let y(m) = -3*m - 7. Suppose -h - 25 = -4*d, h - 4 = -3*d + 6. What is the units digit of y(h)?
8
Suppose -2*j - c = -3*c + 2, -3*c = -6. What is the units digit of j?
1
Suppose 0*s - 3 = -s. Suppose s*g = -4*j + 21, -j = 2*g - 9 - 5. Suppose g*q - 15 = 2*q. What is the units digit of q?
3
Let x be 15*(-1)/(15/(-18)). Let q = x - 6. What is the units digit of q?
2
Suppose -2*b = b + 33. Let x = -9 - b. What is the units digit of x?
2
Suppose -5*k = -10*k - 20, -5*k - 269 = -3*m. What is the units digit of m?
3
Suppose -21 = -5*f + 4. Suppose 2*l - 3*l = 4, 3*n = l - f. What is the units digit of 1 + 1 + n/(-1)?
5
Let k(b) = 23*b**2 - 5*b - 6. What is the tens digit of k(-3)?
1
Let p(s) = -s**3 + 4*s**2 - 4*s + 3. Let g be p(3). Suppose -19 = 3*h - 4*c, h - 4*c = c - 21. Let q = g - h. What is the units digit of q?
1
Suppose -13*d = -3392 + 493. What is the units digit of d?
3
What is the units digit of 3/(-6) - (380/(-8) - -1)?
6
Suppose -5*q - s + 40 = -2*q, -4*s = -3*q + 65. Suppose -2*r + q = 5. Suppose -r*a = -6 - 99. What is the tens digit of a?
2
Suppose -9*a + 4*a + 85 = 0. What is the tens digit of a?
1
What is the units digit of (1/2)/((-3)/(-3 - 93))?
6
Let x be -2*-1*11/2. Suppose -2*u - 2*i = -28, -39 = -2*u - 3*i - x. What is the tens digit of u?
1
Let h(n) = 10*n - 1. What is the tens digit of h(2)?
1
Let y = -11 - -16. Suppose -247 + 37 = -2*m. Suppose -t - t + 2*v + 34 = 0, 0 = y*t + 5*v - m. What is the tens digit of t?
1
Suppose 3 = j - 0. Suppose 5*w = -7*b + j*b + 1, b = -w. What is the units digit of w?
1
Let y = 112 + -27. Suppose -5*n = -4*g - 98, -2*g = -4*n - g + y. What is the units digit of n?
2
Let u be (-1 - 4)*1*-1. Let m = u + 3. What is the units digit of m?
8
Let o = 2 - 1. Let n = 4 - o. Suppose -7*q + 3*d = -2*q - 2, -n*q = 5*d - 8. What is the units digit of q?
1
Suppose -5*y + 0*l = -4*l - 388, -5*y + 3*l + 391 = 0. What is the units digit of y?
0
Suppose 5*d - 45 = 25. Suppose -3*h = -2*j + h + d, -j + h = -10. What is the tens digit of j?
1
Suppose -c + 0*c = 0. Suppose b - 8 = -3*x, c = -2*b - b + 5*x + 10. What is the units digit of b?
5
Suppose 8*p = -33 + 297. What is the units digit of p?
3
Let d(x) = -x**2 - 30*x - 50. What is the units digit of d(-27)?
1
Let z be (8/20)/(2/(-70)). What is the units digit of z*(-5 + 2)/6?
7
What is the units digit of 3 - (1 + -24) - 3?
3
What is the tens digit of ((-15)/12)/(8/(-192))?
3
Suppose -n - 3*n + m + 13 = 0, -2*m = 4*n + 2. Suppose -n*x = -3*c - 2*c + 44, 2*x + 4 = 0. What is the units digit of c?
8
Let r(l) = l**3 - 9*l**2 + 10*l - 8. Let m(i) = i**2 + 4*i + 3. Let o be m(-5). What is the units digit of r(o)?
8
Let a = -59 - -109. What is the units digit of a/5*12/15?
8
Let w(n) = n - 2. Let k be w(6). Suppose 5*l + 1 = -g, 0*l - 4*g = -l + k. Let f = 7 + l. What is the units digit of f?
7
What is the tens digit of 64/1*(-15)/(-30)?
3
Let s = -1 + 0. Let k = 13 - s. What is the tens digit of k/(-3 + 5)*2?
1
Suppose -3*w + w = -134. What is the tens digit of w?
6
Suppose -15*j + 15 = -14*j. What is the tens digit of j?
1
Suppose 3*k - 5*y = 1 - 12, -k = -2*y + 5. Let f(c) = 6 - k - c - 1. What is the units digit of f(1)?
1
What is the units digit of (-3)/5 + 848/5?
9
Let d(j) = j**3 - 8*j**2 - j + 1. Let b be d(8). Let y = -2 - b. What is the units digit of y + (2 + 1 - 1)?
7
Suppose p - 1556 = -4*p - r, p + 4*r - 296 = 0. What is the tens digit of p?
1
Let p(x) = x**3 - 4*x**2 - 2. Let n be p(4). Let k be 1/(-1)*8/n. Suppose -k*h + 6*h = 8. What is the units digit of h?
4
Let q(u) be the third derivative of -3*u**6/40 + u**5/60 + u**4/12 + u**3/6 - u**2. Suppose -6*v - 16 = 10*v. What is the units digit of q(v)?
9
Suppose -5*f + 11 + 4 = 0. Let k = f - -28. What is the tens digit of k?
3
Suppose -5*l = -14 - 26. Suppose -2*a - l + 22 = 0. Let w = -2 + a. What is the units digit of w?
5
Let h = -204 + 321. Suppose -3*x = -6*x + h. What is the units digit of x?
9
Let k = -40 - -56. What is the units digit of k?
6
Let a = -2 - 40. What is the units digit of 34/(-3)*a/28?
7
Suppose -2*i + s = -5, 2*s - 7 = -3*i - 3. Suppose 3*r = -9, 5*r - 63 = -2*d + i*r. What is the units digit of d?
6
Suppose 11 = 3*i - 4. Let r(m) = m**3 + 0*m**2 - 5*m**2 - i*m + 2 + 0*m**2. What is the units digit of r(6)?
8
Let f be (-1 - (0 - 0))*-4. Let u be 2/f*(-4)/(-1). Suppose 16 = 3*j - u*h, -j + 5*h + 27 = -0*j. What is the units digit of j?
2
Suppose -4*o = 2*f - 36, 3*o = 5*f - o - 160. What is the units digit of f?
8
Let m = -592 + 985. What is the units digit of m?
3
Suppose -5*o + 5 = -10. Suppose -42 - 20 = -3*u + k, 2*u = o*k + 39. What is the tens digit of u?
2
Let b = -348 - -725. What is the units digit of b?
7
Let p(o) = -o**2 + 5*o - 4. Let c be p(3). What is the units digit of -4 + 2 + 2 + c?
2
Suppose -3*l - 21 + 9 = 0. What is the units digit of l/6 - (-200)/30?
6
Suppose -a + 41 = 3*z, 9 = -3*z + 3. What is the tens digit of a?
4
Suppose 5*d = -5*k + 85, 6*d - 89 = d - 4*k. Suppose d - 3 = 3*u. What is the units digit of u?
6
Let p(k) = 0*k - 4 - 2*k + 7*k**2 + 7. What is the units digit of p(2)?
7
Let v(x) be the second derivative of -x**4/12 - 5*x**3/3 - 4*x**2 + 2*x. What is the tens digit of v(-6)?
1
Let x be (-1 - -3) + 3/3. Suppose -2*b = -u - 9, 0*b = x*b - u - 14. Suppose -4*k + 3 = -3*l, 3*k + 0 - 24 = -b*l. What is the units digit of l?
3
Let f(r) = 4*r**2 + r - 2. Let n be f(1). Suppose -2*y = 3*y - n*o - 80, 3*y - 3*o = 48. What is the tens digit of y?
1
What is the tens digit of 16 + (2 - 3 - 1)?
1
Let x be ((0 + 2)*-3)/(-2). Suppose 0*v - f = -v + 35, -x*v - 4*f = -133. Suppose -76 = -4*s + 4*u, 4*s - u - 46 = v. What is the tens digit of s?
2
What is the units digit of (-147)/(-28) + 1/(-4)?
5
Let i(g) = 213*g**2 + 3*g + 3. What is the units digit of i(-1)?
3
What is the units digit of (-6)/9 - (-110)/3?
6
Let f be 3/(-6)*(1 - 1). Let g be 4 - 1 - f - -1. What is the units digit of g/18 - 140/(-18)?
8
Let k(y) = -2*y**2 - 3*y. Let m be k(-2). Let g be 64/12 + m/6. Suppose 3*v = g*n + 36, 0 = 4*v - 6*v - 3*n + 5. What is the units digit of v?
7
Let r(s) = 10 - 3 + s + 0*s. What is the units digit of r(-5)?
2
Suppose -99 = -5*v - 19. Let d(c) = -9*c - 10 - 12 + v - c**2. What is the tens digit of d(-5)?
1
Suppose 4*m - j - 100 = 3*j, 2*j + 77 = 3*m. Let f be -4*(3 + m)/(-2). Suppose -4*g + f = -0*g. What is the tens digit of g?
1
Let s = 31 - 19. Suppose -4*g + c = -22, -14 = -4*g - c + s. What is the units digit of g?
6
Suppose -462 = -4*h - 2*s, 0*h - h + 4*s + 93 = 0. What is the tens digit of h?
1
Let j = 107 - 49. What is the tens digit of j?
5
Suppose 3 + 9 = 3*v. Suppose -v*g - 3*q = -96, 0 = -g - 3*q - 0*q + 24. What is the tens digit of g?
2
Let y = 14 + -21. Let t(p) = -p**3 - 17*p**2 + 17*p - 4. Let z be t(-18). Let c = z + y. What is the units digit of c?
7
Let q(h) = -2*h**2 + 3*h - 3. Let z be q(2).